0780?
8
What is the units digit of 117556?
6
What is the ten thousands digit of 292634?
9
What is the hundreds digit of 104664?
6
What is the hundreds digit of 839583?
5
What is the units digit of 1045262?
2
What is the ten thousands digit of 1846026?
4
What is the hundreds digit of 1573217?
2
What is the millions digit of 4660117?
4
What is the hundred thousands digit of 5828543?
8
What is the hundreds digit of 306345?
3
What is the millions digit of 19970756?
9
What is the millions digit of 6392018?
6
What is the hundreds digit of 232830?
8
What is the thousands digit of 226993?
6
What is the ten thousands digit of 6941633?
4
What is the units digit of 1939339?
9
What is the ten thousands digit of 972995?
7
What is the units digit of 815263?
3
What is the tens digit of 1429015?
1
What is the hundred thousands digit of 1438273?
4
What is the hundred thousands digit of 4881895?
8
What is the hundred thousands digit of 623433?
6
What is the tens digit of 348208?
0
What is the hundred thousands digit of 1192848?
1
What is the hundreds digit of 8062374?
3
What is the units digit of 14754825?
5
What is the hundred thousands digit of 3004253?
0
What is the ten thousands digit of 375703?
7
What is the hundred thousands digit of 1291063?
2
What is the thousands digit of 1063808?
3
What is the hundred thousands digit of 5105353?
1
What is the ten thousands digit of 934128?
3
What is the hundreds digit of 2270964?
9
What is the hundreds digit of 757909?
9
What is the tens digit of 2858530?
3
What is the thousands digit of 118610?
8
What is the thousands digit of 66852?
6
What is the hundred thousands digit of 5297447?
2
What is the thousands digit of 17295944?
5
What is the hundreds digit of 273779?
7
What is the units digit of 3710109?
9
What is the ten thousands digit of 495053?
9
What is the hundreds digit of 584232?
2
What is the tens digit of 731084?
8
What is the thousands digit of 8294284?
4
What is the units digit of 2060644?
4
What is the ten thousands digit of 9453845?
5
What is the thousands digit of 415545?
5
What is the ten thousands digit of 2244307?
4
What is the tens digit of 2565015?
1
What is the ten thousands digit of 23178311?
7
What is the hundreds digit of 185708?
7
What is the millions digit of 1557782?
1
What is the hundreds digit of 360234?
2
What is the ten thousands digit of 454467?
5
What is the hundred thousands digit of 17165699?
1
What is the units digit of 67881?
1
What is the units digit of 396187?
7
What is the thousands digit of 908919?
8
What is the ten thousands digit of 508285?
0
What is the tens digit of 10912367?
6
What is the thousands digit of 350815?
0
What is the tens digit of 1399406?
0
What is the tens digit of 385136?
3
What is the thousands digit of 517285?
7
What is the units digit of 11542633?
3
What is the tens digit of 4195114?
1
What is the thousands digit of 245981?
5
What is the units digit of 9637663?
3
What is the millions digit of 18144615?
8
What is the hundreds digit of 97956?
9
What is the hundred thousands digit of 252532?
2
What is the thousands digit of 338101?
8
What is the hundred thousands digit of 7016819?
0
What is the units digit of 876567?
7
What is the tens digit of 1494348?
4
What is the units digit of 194071?
1
What is the thousands digit of 1155959?
5
What is the tens digit of 12417127?
2
What is the ten millions digit of 19723203?
1
What is the ten millions digit of 11856512?
1
What is the hundreds digit of 2752474?
4
What is the hundred thousands digit of 845627?
8
What is the thousands digit of 5233506?
3
What is the hundreds digit of 92000?
0
What is the ten thousands digit of 3170123?
7
What is the thousands digit of 26045?
6
What is the ten thousands digit of 972522?
7
What is the units digit of 354794?
4
What is the hundreds digit of 513886?
8
What is the units digit of 1209789?
9
What is the units digit of 342510?
0
What is the millions digit of 2691818?
2
What is the thousands digit of 9847810?
7
What is the hundreds digit of 533647?
6
What is the hundred thousands digit of 151974?
1
What is the ten thousands digit of 3163698?
6
What is the hundreds digit of 898099?
0
What is the hundreds digit of 46350?
3
What is the units digit of 437065?
5
What is the thousands digit of 299646?
9
What is the tens digit of 1635598?
9
What is the ten thousands digit of 1224312?
2
What is the thousands digit of 315969?
5
What is the thousands digit of 402813?
2
What is the hundreds digit of 413246?
2
What is the tens digit of 11259242?
4
What is the thousands digit of 1388159?
8
What is the hundreds digit of 2814899?
8
What is the tens digit of 16980564?
6
What is the hundreds digit of 587352?
3
What is the thousands digit of 10696?
0
What is the hundreds digit of 1857160?
1
What is the ten thousands digit of 804058?
0
What is the units digit of 1519754?
4
What is the millions digit of 12504676?
2
What is the thousands digit of 50662?
0
What is the hundred thousands digit of 399157?
3
What is the hundreds digit of 53534?
5
What is the ten thousands digit of 1256726?
5
What is the hundreds digit of 142203?
2
What is the tens digit of 18011475?
7
What is the units digit of 109265?
5
What is the units digit of 817463?
3
What is the units digit of 5062244?
4
What is the ten thousands digit of 13486368?
8
What is the units digit of 14452338?
8
What is the thousands digit of 634893?
4
What is the units digit of 18493039?
9
What is the hundreds digit of 5312298?
2
What is the tens digit of 5994491?
9
What is the units digit of 560738?
8
What is the hundreds digit of 130539?
5
What is the ten thousands digit of 691321?
9
What is the ten thousands digit of 814055?
1
What is the hundred thousands digit of 302154?
3
What is the hundred thousands digit of 2123305?
1
What is the tens digit of 707863?
6
What is the ten thousands digit of 158209?
5
What is the thousands digit of 3688508?
8
What is the millions digit of 2495933?
2
What is the ten thousands digit of 22785895?
8
What is the thousands digit of 66024?
6
What is the ten thousands digit of 2685682?
8
What is the tens digit of 8224154?
5
What is the thousands digit of 120578?
0
What is the hundreds digit of 147367?
3
What is the hundreds digit of 858578?
5
What is the hundreds digit of 372442?
4
What is the units digit of 97362?
2
What is the hundred thousands digit of 739080?
7
What is the ten thousands digit of 224064?
2
What is the hundred thousands digit of 25456022?
4
What is the units digit of 609645?
5
What is the tens digit of 418504?
0
What is the units digit of 527271?
1
What is the ten thousands digit of 141126?
4
What is the thousands digit of 269938?
9
What is the tens digit of 292898?
9
What is the hundred thousands digit of 7295294?
2
What is the units digit of 3525787?
7
What is the thousands digit of 6691956?
1
What is the ten thousands digit of 667187?
6
What is the units digit of 1521331?
1
What is the units digit of 2672443?
3
What is the millions digit of 2737511?
2
What is the hundreds digit of 453468?
4
What is the ten millions digit of 15037485?
1
What is the tens digit of 97745?
4
What is the hundreds digit of 714583?
5
What is the units digit of 149215?
5
What is the hundreds digit of 2657899?
8
What is the thousands digit of 2055007?
5
What is the tens digit of 5255678?
7
What is the hundreds digit of 600020?
0
What is the hundred thousands digit of 1013411?
0
What is the tens digit of 10924018?
1
What is the hundred thousands digit of 3969732?
9
What is the hundred thousands digit of 1410012?
4
What is the tens digit of 23733?
3
What is the ten thousands digit of 20724?
2
What is the hundreds digit of 399158?
1
What is the hundred thousands digit of 34973762?
9
What is the hundreds digit of 205369?
3
What is the units digit of 2486561?
1
What is the millions digit of 3415769?
3
What is the units digit of 241983?
3
What is the thousands digit of 11241951?
1
What is the thousands digit of 3496422?
6
What is the thousands digit of 271917?
1
What is the hundreds digit of 7486344?
3
What is the ten thousands digit of 2484133?
8
What is the tens digit of 155871?
7
What is the ten thousands digit of 37948149?
4
What is the thousands digit of 321044?
1
What is the millions digit of 1699470?
1
What is the hundreds digi